{"id":9,"date":"2020-01-11T22:46:26","date_gmt":"2020-01-11T22:46:26","guid":{"rendered":"http:\/\/phamkhonglo.com\/?page_id=9"},"modified":"2020-01-19T11:45:51","modified_gmt":"2020-01-19T11:45:51","slug":"about","status":"publish","type":"page","link":"https:\/\/lopham.com\/index.php\/home\/about\/","title":{"rendered":"About"},"content":{"rendered":"\n<p class=\"has-drop-cap\"><strong>L\u00f4 Pham<\/strong> (aka Pham Kh\u00f4ng-L\u00f4) is a French Director of Vietnamese origin, living in Paris. He comes from a Vietnamese family of artists and intellectuals from Hue, Central Vietnam, and My Tho in the Mekong Delta region. He is the son of Pham C\u00f4ng-Thi\u00ean, a renowned Vietnamese writer, poet and philosopher, and of L\u00ea Khac Thanh-Hoai, a Vietnamese pianist and music composer.<\/p>\n\n\n\n<p>He holds a degree in Cinema from Quebec, Canada. He has won several prestigious awards in France and Europe for his innovative, artistic work and creativity in various fields of activity. Press coverage includes well-known French newspapers and magazines such as Madame Figaro, L&#8217;Express, Le Nouvel Observateur, Atmosph\u00e8res, Metro, Ekwo, Fashion Daily News, etc. <\/p>\n\n\n\n<p>To date, L\u00f4 Pham has written and directed several short and medium-length films, including a documentary on the Vietnam War, &#8220;<strong><a href=\"https:\/\/lopham.com\/index.php\/praying-with-one-heart\/\">Praying With One Heart<\/a><\/strong>&#8221; (2008), a Moroccan Trilogy (<strong><a href=\"https:\/\/lopham.com\/index.php\/kasbah\/\">Kasbah<\/a><\/strong>, <strong><a href=\"https:\/\/lopham.com\/index.php\/marbut\/\">Marbut<\/a><\/strong> and <strong><a href=\"https:\/\/lopham.com\/index.php\/the-peace-warrior\/\">The Peace Warrior<\/a><\/strong>) and two historical dramas, &#8220;<strong><a href=\"https:\/\/lopham.com\/index.php\/the-morning-and-the-night\/\">The Morning And The Night<\/a><\/strong>&#8221; (2018) based on the life of Giordano Bruno, a 16th Century Italian mystic and philosopher, and &#8220;<strong><a href=\"https:\/\/lopham.com\/index.php\/the-dance-of-orion\/\">The Dance Of Orion<\/a><\/strong>&#8221; (2019) adapted from the Egyptian myth of Isis and Osiris and shot in Ouarzazate, Morocco, in the prestigious Atlas Studios (Gladiator, Game of Thrones, Kingdom of Heaven&#8230;). <\/p>\n\n\n\n<p>L\u00f4 Pham is currently working on his first feature film, a historical film set in 18th Century Vietnam during the T\u00e2y-Son Rebellion that overthrew the L\u00ea Royal Dynasty.<\/p>\n\n\n\n<p>His personal ambition as a writer\/film-maker is <strong>to bring life through films to ancient myths, historical events and spiritual tales that contain inspiring truths for our modern times<\/strong>.<\/p>\n\n\n\n<p>IMDB page: <a href=\"https:\/\/www.imdb.com\/name\/nm3870932\/?ref_=tt_ov_dr\">https:\/\/www.imdb.com\/name\/nm3870932\/?ref_=tt_ov_dr<\/a><\/p>\n\n\n\n<p><strong><em>NB:<\/em><\/strong> <em>I am currently looking for an agent to represent me in Europe, Usa and Asia. Please <a href=\"https:\/\/lopham.com\/index.php\/contact\/\">contact me<\/a> if you are interested in my profile.<\/em><\/p>\n","protected":false},"excerpt":{"rendered":"<p>L\u00f4 Pham (aka Pham Kh\u00f4ng-L\u00f4) is a French Director of Vietnamese origin, living in Paris. He comes from a Vietnamese family of artists and intellectuals from Hue, Central Vietnam, and My Tho in the Mekong Delta region. He is the son of Pham C\u00f4ng-Thi\u00ean, a renowned Vietnamese writer, poet and philosopher, and of L\u00ea Khac &hellip; <\/p>\n<p class=\"link-more\"><a href=\"https:\/\/lopham.com\/index.php\/home\/about\/\" class=\"more-link\">Continue reading<span class=\"screen-reader-text\"> &#8220;About&#8221;<\/span><\/a><\/p>\n","protected":false},"author":1,"featured_media":156,"parent":8,"menu_order":0,"comment_status":"closed","ping_status":"closed","template":"","meta":{"footnotes":""},"_links":{"self":[{"href":"https:\/\/lopham.com\/index.php\/wp-json\/wp\/v2\/pages\/9"}],"collection":[{"href":"https:\/\/lopham.com\/index.php\/wp-json\/wp\/v2\/pages"}],"about":[{"href":"https:\/\/lopham.com\/index.php\/wp-json\/wp\/v2\/types\/page"}],"author":[{"embeddable":true,"href":"https:\/\/lopham.com\/index.php\/wp-json\/wp\/v2\/users\/1"}],"replies":[{"embeddable":true,"href":"https:\/\/lopham.com\/index.php\/wp-json\/wp\/v2\/comments?post=9"}],"version-history":[{"count":9,"href":"https:\/\/lopham.com\/index.php\/wp-json\/wp\/v2\/pages\/9\/revisions"}],"predecessor-version":[{"id":404,"href":"https:\/\/lopham.com\/index.php\/wp-json\/wp\/v2\/pages\/9\/revisions\/404"}],"up":[{"embeddable":true,"href":"https:\/\/lopham.com\/index.php\/wp-json\/wp\/v2\/pages\/8"}],"wp:featuredmedia":[{"embeddable":true,"href":"https:\/\/lopham.com\/index.php\/wp-json\/wp\/v2\/media\/156"}],"wp:attachment":[{"href":"https:\/\/lopham.com\/index.php\/wp-json\/wp\/v2\/media?parent=9"}],"curies":[{"name":"wp","href":"https:\/\/api.w.org\/{rel}","templated":true}]}}